lse
Is 16 a factor of 18802?
False
Does 9 divide 36081?
True
Does 21 divide 9611?
False
Does 10 divide 411?
False
Is 12705 a multiple of 11?
True
Does 193 divide 25812?
False
Is 1296 a multiple of 18?
True
Does 57 divide 725?
False
Is 90 a factor of 1028?
False
Does 54 divide 1111?
False
Does 5 divide 228?
False
Is 1105 a multiple of 17?
True
Is 478 a multiple of 4?
False
Is 36 a factor of 6048?
True
Is 24 a factor of 24?
True
Is 69 a factor of 2346?
True
Does 15 divide 3315?
True
Is 7128 a multiple of 72?
True
Is 1860 a multiple of 15?
True
Is 6 a factor of 23999?
False
Is 26124 a multiple of 28?
True
Is 43386 a multiple of 42?
True
Is 549 a multiple of 29?
False
Does 56 divide 840?
True
Is 13 a factor of 182?
True
Does 40 divide 5240?
True
Is 1978 a multiple of 41?
False
Is 2550 a multiple of 50?
True
Is 11 a factor of 407?
True
Is 48 a factor of 1872?
True
Is 3021 even?
False
Is 110 a factor of 4070?
True
Does 83 divide 1483?
False
Does 123 divide 44403?
True
Does 12 divide 4404?
True
Does 8 divide 106413?
False
Is 10 a factor of 1562?
False
Does 30 divide 46940?
False
Is 3 a factor of 33?
True
Is 467 a multiple of 11?
False
Is 534 a multiple of 6?
True
Is 11 a factor of 5561?
False
Is 3036 a multiple of 66?
True
Does 14 divide 119?
False
Does 11 divide 308?
True
Does 106 divide 65508?
True
Is 29 a factor of 27087?
False
Does 6 divide 12720?
True
Does 6 divide 4257?
False
Is 3198 a multiple of 12?
False
Is 16 a factor of 240?
True
Is 1672 a multiple of 2?
True
Does 152 divide 23596?
False
Is 672 a multiple of 24?
True
Is 30 a factor of 23214?
False
Is 1760 a multiple of 88?
True
Does 11 divide 6703?
False
Is 336 a multiple of 21?
True
Is 26 a factor of 7967?
False
Does 13 divide 6103?
False
Does 4 divide 2663?
False
Is 92 a factor of 1104?
True
Is 17 a factor of 1887?
True
Is 30 a factor of 1729?
False
Does 57 divide 8534?
False
Does 71 divide 9942?
False
Is 22 a factor of 22958?
False
Is 680 a multiple of 40?
True
Is 9 a factor of 1296?
True
Is 28502 a multiple of 14?
False
Is 976 a multiple of 88?
False
Is 2352 a multiple of 100?
False
Is 1328 a multiple of 16?
True
Is 9799 a multiple of 7?
False
Does 11 divide 2684?
True
Does 6 divide 198?
True
Does 12 divide 12300?
True
Does 68 divide 1561?
False
Is 1361 a multiple of 28?
False
Is 16 a factor of 42?
False
Is 88610 a multiple of 73?
False
Is 13 a factor of 2570?
False
Is 108 a factor of 10168?
False
Is 3505 a multiple of 13?
False
Is 5 a factor of 15?
True
Is 1344 a multiple of 6?
True
Is 1695 a multiple of 2?
False
Is 47 a factor of 4700?
True
Is 20 a factor of 29422?
False
Does 38 divide 836?
True
Is 63 a factor of 3339?
True
Is 111 a factor of 20868?
True
Does 10 divide 30407?
False
Is 49 a factor of 3580?
False
Does 3 divide 26?
False
Is 2461 a multiple of 23?
True
Is 12 a factor of 105312?
True
Is 16 a factor of 766?
False
Is 49 a factor of 70805?
True
Is 8772 a multiple of 8?
False
Does 44 divide 3564?
True
Is 23644 a multiple of 92?
True
Is 24 a factor of 6144?
True
Does 16 divide 113200?
True
Is 390 a multiple of 13?
True
Does 8 divide 434?
False
Does 27 divide 87?
False
Does 23 divide 3909?
False
Does 9 divide 765?
True
Is 11430 a multiple of 127?
True
Does 6 divide 954?
True
Does 17 divide 204?
True
Is 31 a factor of 2108?
True
Is 13340 a multiple of 25?
False
Is 10320 a multiple of 86?
True
Is 216 a multiple of 4?
True
Is 7230 a multiple of 15?
True
Does 8 divide 244?
False
Is 862 a multiple of 19?
False
Is 12 a factor of 536?
False
Does 18 divide 14909?
False
Is 48 a factor of 1410?
False
Does 38 divide 2731?
False
Is 60 a factor of 670?
False
Is 168 a multiple of 56?
True
Is 40145 a multiple of 9?
False
Is 20112 a multiple of 8?
True
Is 177 a factor of 17194?
False
Does 12 divide 1188?
True
Is 4 a factor of 192?
True
Is 9 a factor of 3879?
True
Is 958 a multiple of 15?
False
Is 12 a factor of 35476?
False
Does 9 divide 3870?
True
Is 16 a factor of 22060?
False
Is 12 a factor of 1596?
True
Does 130 divide 10660?
True
Is 12 a factor of 3008?
False
Is 7 a factor of 3409?
True
Is 13 a factor of 31920?
False
Is 3407 a multiple of 54?
False
Does 27 divide 1593?
True
Is 151 a multiple of 2?
False
Does 3 divide 410?
False
Does 15 divide 11415?
True
Does 6 divide 704?
False
Is 5502 a multiple of 3?
True
Is 17 a factor of 91?
False
Is 53 a factor of 3869?
True
Is 3899 a multiple of 36?
False
Is 8 a factor of 13183?
False
Is 7 a factor of 1905?
False
Does 16 divide 19872?
True
Is 16889 a multiple of 182?
False
Is 28 a factor of 1036?
True
Does 299 divide 37375?
True
Does 4 divide 38?
False
Is 68 a factor of 3944?
True
Does 15 divide 2745?
True
Is 1027 a multiple of 28?
False
Is 5678 a multiple of 10?
False
Does 5 divide 1642?
False
Is 12 a factor of 27252?
True
Does 4 divide 11260?
True
Is 28 a factor of 3780?
True
Is 37 a factor of 3108?
True
Is 19 a factor of 1070?
False
Is 14 a factor of 1386?
True
Does 16 divide 5968?
True
Is 3816 a multiple of 106?
True
Does 31 divide 15674?
False
Is 59 a factor of 7847?
True
Is 5208 a multiple of 42?
True
Is 78 a factor of 163?
False
Does 11 divide 54483?
True
Is 13465 a multiple of 135?
False
Does 47 divide 104199?
True
Does 20 divide 1761?
False
Is 12 a factor of 9698?
False
Does 8 divide 312?
True
Is 142 a factor of 5822?
True
Does 7 divide 13561?
False
Does 51 divide 8925?
True
Is 72 a factor of 5400?
True
Is 1310 a multiple of 21?
False
Is 16967 a multiple of 37?
False
Is 7447 a multiple of 32?
False
Does 15 divide 2382?
False
Is 68 a factor of 20128?
True
Does 56 divide 586?
False
Is 1732 a multiple of 77?
False
Is 816 a multiple of 51?
True
Does 9 divide 4833?
True
Is 24 a factor of 1581?
False
Is 11 a factor of 927?
False
Is 2920 a multiple of 20?
True
Does 28 divide 476?
True
Is 1260 a multiple of 15?
True
Is 39 a factor of 624?
True
Is 690 a multiple of 30?
True
Does 14 divide 3651?
False
Is 52500 a multiple of 14?
True
Is 16 a factor of 22272?
True
Does 11 divide 2913?
False
Is 80515 a multiple of 13?
False
Does 19 divide 56677?
True
Is 20570 a multiple of 21?
False
Does 64 divide 4992?
True
Does 20 divide 7910?
False
Does 8 divide 2432?
True
Does 9 divide 1224?
True
Is 11220 a multiple of 51?
True
Is 24266 a multiple of 22?
True
Is 25935 a multiple of 195?
True
Is 17 a factor of 17?
True
Does 2 divide 103?
False
Is 12 a factor of 36229?
False
Is 36 a factor of 21836?
False
Is 86 a factor of 4472?
True
Is 9350 a multiple of 55?
True
Is 32327 a multiple of 158?
False
Is 128 a factor of 14025?
False
Does 51 divide 4317?
False
Is 23779 a multiple of 7?
True
Does 43 divide 1763?
True
Is 51610 a multiple of 170?
False
Does 47 divide 47?
True
Is 926 a multiple of 10?
False
Is 189 a multiple of 16?
False
Is 24 a factor of 69360?
True
Is 9 a factor of 132?
False
Is 54 a factor of 16522?
False
Does 29 divide 668?
False
Is 34 a factor of 840?
False
Is 71 a factor of 108233?
False
Is 86 a factor of 1457?
False
Does 15 divide 75?
True
Is 42 a factor of 102275?
False
Does 28 divide 9477?
False
Does 37 divide 4847?
True
Does 4 divide 620?
True
Does 9 divide 32?
False
Is 4238 a multiple of 26?
True
Is 17 a factor of 992?
False
Does 16 divide 10513?
False
Is 123 a factor of 60885?
True
Is 401 a multiple of 33?
False
Is 4 a factor of 32704?
True
Does 163 divide 80848?
True
Does 31 divide 2418?
True
Does 2 divide 124?
True
Does 3 divide 101?
False
Does 20 divide 1654?
False
Does 16 divide 1296?
True
Is 8502 a multiple of 39?
True
Does 73 divide 12483?
True
Is 3621 a multiple of 82?
False
Is 10336 a multiple of 323?
True
Is 411 a multiple of 2?
False
Is 1216 a multiple of 21?
False
Does 25 divide 925?
True
Is 17 a factor of 1173?
True
Is 185 a factor of 2220?
True
Is 4824 a multiple of 24?
True
Is 6 a factor of 1602?
True
Does 10 divide 5328?
False
Does 44 divide 6932?
False
Is 236 a multiple of 27?
False
Does 94 divide 95410?
True
Does 24 divide 456?
True
Does 85 divide 590?
False
Does 6 divide 3531?
False
Does 27 divide 486?
True
Is 14 a factor of 18256?
True
Does 13 divide 403?
True
Is 24 a factor of 768?
True
Is 38 a factor of 10108?
True
Is 6215 a multiple of 172?
False
Is 312 a multiple of 8?
True
Is 1380 a multiple of 60?
True
Is 54 a factor of 4050?
True
Is 11 a factor of 91?
False
Does 14 divide 768?
False
Is 67 a multiple of 4?
False
Is 26